 is -100000100001100001110 + 10?
-100000100001100001100
In base 15, what is -10 - 1155d?
-1156d
In base 15, what is -5 - -12ac0?
12aba
In base 14, what is 57ac + 66?
5834
In base 14, what is -58627 - 2?
-58629
In base 12, what is -21612 + -6?
-21618
In base 4, what is 233202 + -23031?
210111
In base 15, what is 4c59 + 5?
4c5e
In base 2, what is -100000011101011100 + 0?
-100000011101011100
In base 6, what is 140 + 15132?
15312
In base 9, what is -146 - 3735?
-3882
In base 14, what is 196 + 4b3?
669
In base 14, what is 2554 - -4b?
25a1
In base 16, what is 5 - 101a8?
-101a3
In base 4, what is 231013 - -122?
231201
In base 15, what is -85d3 + -5?
-85d8
In base 10, what is -221808 + -1?
-221809
In base 3, what is 10 + 2121122222?
2121200002
In base 15, what is -1382 + 477?
-e0a
In base 3, what is 101012002212101 - -10?
101012002212111
In base 9, what is -2280 - 378?
-2668
In base 6, what is 133 + -32500?
-32323
In base 11, what is 22538 - -19?
22556
In base 6, what is 12230 + -412?
11414
In base 15, what is 1019 - 7?
1012
In base 15, what is b3 - d62?
-c9e
In base 9, what is 5242 + -4?
5237
In base 9, what is -4 - -218767?
218763
In base 13, what is -17 + -1973?
-198a
In base 14, what is 20 - -156c?
158c
In base 4, what is -1100012 - 1131?
-1101203
In base 9, what is -2 + -225173?
-225175
In base 11, what is 120a60 + 1?
120a61
In base 14, what is -cc8 + -d?
-cd7
In base 2, what is 10011100011 + 10000100?
10101100111
In base 11, what is 455a + -41?
4519
In base 16, what is 491 - -5f2?
a83
In base 8, what is -5 - 7173126?
-7173133
In base 13, what is -49c - -32?
-46a
In base 5, what is -13042 + 21?
-13021
In base 13, what is -2b2925 + 1?
-2b2924
In base 13, what is 24b + -c?
23c
In base 9, what is 167 - -1777?
2055
In base 16, what is -12241 + 1?
-12240
In base 7, what is 160 + -3122?
-2632
In base 11, what is -5 - 6619?
-6623
In base 13, what is -52a4 + -1c?
-52c3
In base 16, what is 376 + 1bd?
533
In base 4, what is -1000 - 110122?
-111122
In base 5, what is 231213211 + -2?
231213204
In base 9, what is -674 - 3001?
-3675
In base 12, what is -16b + -48?
-1b7
In base 11, what is -519988 + 0?
-519988
In base 14, what is 779a + 2?
779c
In base 11, what is 2 - 277607?
-277605
In base 9, what is 58 - 586?
-527
In base 16, what is -3db + b?
-3d0
In base 5, what is 1042441414 - 2?
1042441412
In base 4, what is 22 + 133202?
133230
In base 11, what is 52236 + -5?
52231
In base 6, what is 3 - 134103?
-134100
In base 13, what is -78 - 1127?
-11a2
In base 7, what is 32 + 11545?
11610
In base 14, what is 49 + 421c?
4267
In base 11, what is -a - 1a21a3?
-1a2202
In base 14, what is -10030 + 1?
-1002d
In base 11, what is -10a + -42a?
-539
In base 7, what is 64 + -405?
-311
In base 3, what is -2211022021 - -212?
-2211021102
In base 15, what is 1582d + -d?
15820
In base 12, what is -240 - 57?
-297
In base 3, what is -20100210221 + -12?
-20100211010
In base 12, what is -5648ab + 0?
-5648ab
In base 7, what is -114141 + 2?
-114136
In base 13, what is 1 - 839?
-838
In base 2, what is -100110011101010 + -1?
-100110011101011
In base 16, what is -12fb - -9?
-12f2
In base 8, what is 5521 - 1710?
3611
In base 7, what is 105440133 - -5?
105440141
In base 14, what is a7 - 4ca5?
-4bdc
In base 16, what is 7c + 181b?
1897
In base 5, what is -2 + 2044214?
2044212
In base 3, what is 10002101021212 - 1?
10002101021211
In base 4, what is 1131000 + -200?
1130200
In base 2, what is -1010001 - 10110110?
-100000111
In base 14, what is 34 - -666?
69a
In base 13, what is -6853 + 48?
-6808
In base 11, what is -53 + -a?
-62
In base 3, what is 2211002000 + 1201?
2211010201
In base 14, what is 3 + -2a624?
-2a621
In base 13, what is 79 - -6c?
118
In base 13, what is -a1b + 5a2?
-449
In base 6, what is -20342 + -13?
-20355
In base 10, what is 16 - -53903?
53919
In base 6, what is -3 + 130135?
130132
In base 6, what is -22424 - 1?
-22425
In base 15, what is -23be - -26?
-2398
In base 6, what is 225452 + 23?
225515
In base 10, what is -91 - 13395?
-13486
In base 2, what is 1001101101110111 + 101?
1001101101111100
In base 5, what is -3332 + -34344?
-43231
In base 15, what is 4290cb - 1?
4290ca
In base 12, what is 23088 - -a3?
2316b
In base 8, what is 236 + 4416?
4654
In base 5, what is 3432414 + -131?
3432233
In base 7, what is 234 - 3444?
-3210
In base 16, what is 6d + 31?
9e
In base 15, what is 104b + 159?
11a5
In base 4, what is 22100020112 + -10?
22100020102
In base 11, what is -39767 - -40?
-39727
In base 2, what is -1111001 + 1100000?
-11001
In base 13, what is -22ca69 - -4?
-22ca65
In base 15, what is 4 + 8266a?
8266e
In base 8, what is -1361443 - -16?
-1361425
In base 2, what is -11000000011 - 10101110110?
-101101111001
In base 8, what is -17351 + 5?
-17344
In base 3, what is 21100 + 10020?
101120
In base 7, what is 12155016 - 5?
12155011
In base 15, what is -26b + 24?
-247
In base 14, what is -3504 - -7?
-34db
In base 11, what is 13 - -2009?
2021
In base 13, what is 401 + ba9?
12aa
In base 9, what is 12584 - 87?
12486
In base 15, what is -4 + -3163?
-3167
In base 13, what is 35008 - -5?
35010
In base 7, what is 2 - 41100?
-41065
In base 3, what is -12 - -2121010010?
2121002221
In base 4, what is 21 - -11003202?
11003223
In base 11, what is -4 - -22?
19
In base 12, what is -268324 + 4?
-268320
In base 6, what is -3 + 32234?
32231
In base 6, what is -300 + -1011?
-1311
In base 5, what is 1400114 - 0?
1400114
In base 16, what is 5e + 7b15?
7b73
In base 4, what is -200331 - 10?
-201001
In base 10, what is 63946 + -4?
63942
In base 9, what is -4576 + 3?
-4573
In base 13, what is 32 + -1b50c?
-1b4aa
In base 9, what is 515378 - 5?
515373
In base 9, what is -1 - 10175?
-10176
In base 11, what is 36216 + -58?
36169
In base 11, what is -219 + 9a?
-12a
In base 7, what is 12312 - -5?
12320
In base 6, what is -4 + -5523?
-5531
In base 6, what is -25 - -31152?
31123
In base 6, what is 11 - -33151?
33202
In base 6, what is 102125 - 5?
102120
In base 14, what is 9 - 6bd9?
-6bd0
In base 9, what is -1 - 667?
-668
In base 5, what is 2112 - -34310?
41422
In base 7, what is -16352 + 266?
-16053
In base 2, what is 11000000010111110 - -101?
11000000011000011
In base 4, what is -2020331 + -2002?
-2022333
In base 16, what is 5 - f42b8?
-f42b3
In base 3, what is -11 - -210102212000?
210102211212
In base 2, what is -101 + 1000111100001001001?
1000111100001000100
In base 3, what is 101011 + -1201?
22110
In base 9, what is -38 - -17763?
17724
In base 12, what is 3 - -37770?
37773
In base 14, what is 10 + -305?
-2d5
In base 14, what is 43 - -18662?
186a5
In base 10, what is 64 - 253?
-189
In base 7, what is 20123 - 6?
20114
In base 2, what is 1110001110 - -101000011?
10011010001
In base 7, what is -40362401 + -2?
-40362403
In base 12, what is -24 - 754?
-778
In base 15, what is 32 - -8d6?
918
In base 3, what is -222200 - 202021?
-1201221
In base 6, what is -105003 + 515?
-104044
In base 12, what is -259 - -161?
-b8
In base 11, what is -103176 + 7?
-10316a
In base 12, what is 130 - 521?
-3b1
In base 9, what is -642476 + -14?
-642501
In base 5, what is 223121 + 0?
223121
In base 4, what is -23 - -10301011?
10300322
In base 3, what is -12 + -20220212121?
-20220212210
In base 14, what is 2 + -3283?
-3281
In base 13, what is 123984 - 2?
123982
In base 15, what is -d - -9eb?
9dd
In base 15, what is 2a484 - 19?
2a46a
In base 8, what is 1577656 + -5?
1577651
In base 5, what is 10 - -4122024?
4122034
In base 12, what is -20160 + 1?
-2015b
In base 6, what is -142 + -1512?
-2054
In base 9, what is -126811 + 7?
-126803
In base 6, what is 13211 - -11?
13222
In base 10, what is -2287 + 34?
-2253
In base 16, what is 1 - 7eb96?
-7eb95
In base 10, what is 34 - 19302?
-19268
In base 12, what is 118 + -26?
b2
In base 2, what is 111010010010 - -1000010?
111011010100
In base 5, what is 4 - -3211120?
3211124
In base 8, what is 65607 - 3?
65604
In base 11, what is -7 - 27209?
-27215
In base 7, what is 34134 + 310?
34444
In base 6, what is 2121 + 132?
2253
In base 14, what is a48 - -3?
a4b
In base 3, what is -201 - 11212?
-12120
In base 5, what is -32 - -231101?
231014
In base 7, what is 5 + 1141?
1146
In base 12, what is -2b78 - 67?
-3023
In base 6, what is -1543 - 203?
-2150
In base 9, what is 34 + -130247?
-130213
In base 16, what is 1